alse
Let x be (2 - 2)/(-2*3/(-6)). Suppose x = -k + 279 - 814. Let u = k - -1820. Is u a prime number?
False
Let o(s) = -2101*s**2 - 2*s + 8. Let i be o(3). Let t = i - -30734. Is t composite?
False
Suppose 583 - 3861 = -2*w. Is (w/22)/(3/(-6) - -1) a composite number?
False
Let n = -1059 + 1064. Suppose 0 = 5*v + 4 - 24. Suppose v*q + 2*z + 0*z - 1618 = 0, -n*q = -z - 2040. Is q a prime number?
False
Let l be ((-4)/(-1))/(22/11). Suppose -9*i + 5479 = 2*b - 4*i, -4*i = -l*b + 5506. Is b a composite number?
True
Let m be (-42)/(-77) - (-2678004)/22. Suppose -23*w - 60862 = -25*w - 2*d, m = 4*w + 5*d. Is w a prime number?
True
Let r(o) = 2*o**2 - 20. Let z be r(-5). Suppose 19 + z = 7*v. Is (-3)/5 - v/(280/(-118144)) a composite number?
False
Let t = 421346 - 114103. Is t composite?
False
Let j(x) = 589702*x**2 - 134*x - 7. Is j(-2) composite?
True
Let d = 435 - 450. Is (-2904944)/(-84) - (d/(-9) - 0) a composite number?
True
Suppose -4395 = -u - 2*s, 2*u - 8796 = 8*s - 6*s. Suppose -u = -11*h + 6416. Is h a composite number?
False
Suppose -682 = 17*j - 19*j. Suppose -3*d + 4630 = -j. Is d a prime number?
True
Let o = 58147 - 89670. Is (0 - -3)*o/(-87) a composite number?
False
Is ((-1346)/4)/(-9 - 4*534/(-240)) a composite number?
True
Suppose -6*s - 2 + 8 = 0. Let u(l) = 450*l - 2 - 4 + s + 0. Is u(4) a composite number?
True
Let f(n) = -2*n - 7. Let c be f(-3). Let j be 4 - (-67 - (-2 + c)). Suppose -71*v + j*v + 447 = 0. Is v prime?
True
Let t be ((-4120)/(-32))/((-1)/(-16)). Suppose -10447 - t = -3*y. Is y a prime number?
False
Let j(v) = -v**3 + 27*v**2 - 36*v + 13. Let i = 56 - 41. Is j(i) a prime number?
False
Suppose 35*s = -124*s - 27*s + 2031306. Is s a composite number?
True
Let c(l) = 18*l**2 + 36*l - 33. Let a be c(19). Suppose t - 7*u = -9*u + a, 0 = 4*t - u - 28641. Is t prime?
True
Let t(w) = 58*w**2 - 9*w - 13. Suppose -5*s + 2*n + 4 = 24, -4*s + 3*n = 9. Is t(s) composite?
False
Suppose 2*n + u + u = 10, -4*u = -2*n + 10. Suppose 4 - 16 = -4*f. Suppose -f*v + 251 = -n*m + 4*m, 0 = -v + m + 81. Is v prime?
False
Let h = -127 - -131. Suppose 2*v + 1502 = h*v. Is v prime?
True
Let d = 224 - 224. Suppose d = -3*z - 3*f + 2709, -5*z + 5*f - 4*f = -4539. Is z a prime number?
True
Suppose 75*q = 8*f + 77*q - 1416038, -3*q - 708055 = -4*f. Is f prime?
True
Suppose -2*q + 1 = -3. Let k = 1440 + 2503. Suppose -q*c - 2*c = 2*l - 1566, -4*c - k = -5*l. Is l composite?
False
Suppose 4*d + 5*a - 23 = 14, 2*a - 7 = d. Suppose 4*o + d*v - 55 = -o, o + 17 = 5*v. Suppose -4*b + o*b - 844 = 0. Is b prime?
True
Let l = -88 + 90. Suppose -s + 4 + 1 = 0, -l*s + 5 = -5*d. Is ((-2)/1)/(d - (-2532)/(-2524)) prime?
True
Let p be (-3)/2 - 1/(-2). Let i be (p + -1 - -416)/((-1)/(-3)). Is (i/2 + -2 - 3) + -3 composite?
False
Let g(n) = -2058*n**3 + 12*n**2 - 2*n + 7. Let t be g(-4). Suppose -30*x = -79791 - t. Is x composite?
False
Suppose -252*l + 6799036 - 836811 = 103*l. Is l a prime number?
False
Suppose 29*x - 24*x - 27605 = 0. Suppose 0 = -l + 2202 + x. Is l prime?
True
Let s(w) be the second derivative of -71*w**5/120 - 5*w**4/12 - 23*w**3/3 - 10*w. Let y(h) be the second derivative of s(h). Is y(-9) prime?
False
Let y = -33 + 31. Let d(z) = 2*z**2 + 5*z + 7. Let l be d(y). Suppose 3823 = l*p - 3372. Is p a composite number?
False
Let v(g) = -11*g**2 + 5*g + 47. Let r be v(-11). Let w = r + 11006. Is w a prime number?
False
Let o = -42488 - -104177. Is o a composite number?
True
Let x(r) = -r**3 + 6*r**2 + 3*r - 14. Let h be x(6). Suppose 2*s + 2 + 3 = -b, -h*s + 4*b = 4. Is (s + 9/6)*-662 composite?
False
Is (-551198)/(-4) + 9/6 composite?
True
Suppose 0 = -36*a - 1665 + 28881. Suppose -2*y - 177 = -5*y. Let u = y + a. Is u composite?
True
Suppose 0 = 5*k - 3*n - 62054, n + 12412 = -26*k + 27*k. Is k a composite number?
False
Let n = 562851 - 364188. Is n a prime number?
False
Suppose -136*x = -85*x - 147*x + 15847584. Is x prime?
True
Suppose -2*f - 8 = -4*f. Suppose f*y - 9745 - 21676 = -5*q, 3*y + 25112 = 4*q. Is q prime?
False
Suppose 8*u - 3*u = 4*m - 16, -5*u = -5*m + 15. Let q be (11 + u - 2)*(3 + 1). Suppose -2*n = -4*n + q. Is n a prime number?
False
Let i(n) be the second derivative of -n**4/6 + n**3/3 + n**2 + 2*n. Let f be i(0). Suppose f*c - 3*c - 1991 = -4*v, 3*c - 2510 = -5*v. Is v a composite number?
False
Suppose 2*f = -5*m - 149 + 751, m - 134 = 3*f. Suppose -796 = -d - m. Is d prime?
False
Let c = 34 - 32. Suppose 4*k - 4666 = c*k. Is k a prime number?
True
Suppose 6*d - 61172 = 7654. Is d composite?
False
Let d = -1103 + 1097. Let r be 20*1434 - (3 + -3). Is (-2)/d - r/(-36) prime?
True
Let k(q) = 15 + 49*q**2 + 25 - 75 + 14*q + 23. Is k(5) a composite number?
False
Let z(j) = -j + 16. Let h be z(16). Suppose -10*g + 2*g + 1192 = h. Is g a composite number?
False
Suppose 4*x = 3 + 5. Let n(r) = -r**3 - 9*r**2 + 7*r - 28. Let g be n(-10). Suppose 4*j - 522 = -2*c, x*c + 5*j - 1053 = -g*c. Is c composite?
True
Let p(b) = -b + 6. Let k be p(4). Let z be (k - 4)*1 + 4. Suppose 3*w = i - 337, i + w - 337 = -z*w. Is i a composite number?
False
Let i(b) = -1948*b**3 + 6*b**2 + 17*b - 17. Let a(u) = -1949*u**3 + 5*u**2 + 16*u - 17. Let o(k) = -7*a(k) + 6*i(k). Is o(2) a prime number?
True
Let f = 19462 - 8111. Is f a prime number?
True
Suppose 5*n - 4*j - 90983 = 0, -38*j = 5*n - 35*j - 91004. Is n composite?
False
Suppose 10 + 14 = 3*x + x. Let r = 14 - 9. Suppose 3593 = x*t - t + 2*d, 3596 = r*t - d. Is t a prime number?
True
Suppose 4*b - 13 - 31 = 0. Suppose b*m = 6*m + 3065. Is m a prime number?
True
Suppose -c - 3*u = -0*u - 20, 2*c = u + 5. Let f be c/(9/15 + (-2)/(-5)). Suppose -3*b - p = -14378, 3*p - 4806 = f*b - 6*b. Is b a composite number?
True
Let b(i) = -183*i - 82. Let o(x) = -3*x**2 + 47*x + 5. Let u be o(16). Is b(u) a composite number?
False
Let k(s) be the first derivative of 6*s**2 + 7*s**2 + 10 + 21*s - 16*s. Is k(19) prime?
True
Suppose -4*d = -3*y - 152, -3*d - 62 = -5*d - 2*y. Suppose -f + d + 458 = 0. Is f a composite number?
True
Let w = 1155937 + 21672. Is w a prime number?
True
Let r(c) = 15555*c**3 - 11*c**2 - 10*c + 5. Let v(x) = 15556*x**3 - 14*x**2 - 10*x + 4. Let b(l) = 5*r(l) - 4*v(l). Is b(1) a prime number?
True
Let t = 3555 + 2371. Let j = 10397 - t. Is j a prime number?
False
Suppose 2*m = -r + 55, -2*m - 2*m = 3*r - 107. Suppose -25*z - m*z + 117396 = 0. Is z a composite number?
True
Suppose 0*k + 10981078 - 36244416 = -46*k. Is k a composite number?
False
Let h = 1146 - -10061. Suppose -3*k + h = -5*q, -3*q - 4931 = 2*k - 12415. Is k prime?
True
Suppose -11 + 46 = 7*m. Suppose 0*k - m*k - 75 = 0. Is ((-211)/(-4))/(k/(-60)) a prime number?
True
Suppose 0 = 5*s + 20, 0*z + 4*s = -5*z - 1. Let a(b) = 392*b**2 - 26*b + 3. Is a(z) prime?
False
Is ((-8477445)/60*4)/((0 - 2) + 1) composite?
False
Let i(q) = -1800*q**3 + q**2 + 6*q + 5. Let y be i(-1). Let v = y - 543. Is v prime?
False
Suppose -27*m = 472074 - 2927157. Is m prime?
False
Suppose -297*u + 20 = -292*u. Suppose -b = u*w - 7985, 2*b - 15979 = -0*w - 5*w. Is b composite?
True
Let o(n) = 11*n**3 - 85*n**2 - 52*n - 18. Let u(i) = 4*i**3 - 42*i**2 - 25*i - 9. Let h(l) = 2*o(l) - 5*u(l). Is h(-16) composite?
False
Let x(i) = -2*i**2 + 26*i + 7. Let m be x(13). Let k be 6/(m/(7/2)). Is 558 + (3 - 1 - k) composite?
False
Let p(d) = -42*d**2 - 3*d - 4. Let c(w) = 43*w**2 + 3*w + 3. Let j(m) = 4*c(m) + 3*p(m). Let r be j(4). Let l = r - 497. Is l composite?
False
Let i(y) = -y**3 + 17*y**2 + 15*y - 1. Let q be i(18). Let x = 60 + q. Is (2 - x)/(30/(-12590)) prime?
True
Let c be ((-30)/(-6))/(3 - 2). Suppose -c = -a - 4*k, -a = -2*a + 5*k + 23. Suppose -16*g + 1038 = -a*g. Is g a composite number?
True
Suppose x + 5*f + 37 - 12 = 0, f - 58 = 4*x. Is (6/8)/(x/(-130740)) a prime number?
False
Suppose 11 = -3*o - 7. Let c(f) = -f**3 - 5*f**2 - 2*f + 3. Let t be c(o). Let s = 0 + t. Is s composite?
True
Suppose -10*g + 8033 = 34603. Let m = -1590 - g. Is m composite?
True
Let w(y) = 35*y**2 - 42*y + 8. Let v be w(12). Suppose -l = 2*o - 901, -3*o + 0*o - v = -5*l. Is l a composite number?
False
Suppose -29 = -11*t + 15. Suppose d - 4*k - 128 = 87, -16 = t*k. Is d prime?
True
Let t be 6/21 + ((-504)/(-49))/6. Suppose -4*o + b = -15191, 5*o - b - 113